me factors of p.
109
Let v = -563 + 1775. List the prime factors of v.
2, 3, 101
Let o be ((-6)/(-4))/((-42)/(-3892)). Suppose -3*n + p + 217 = -o, 3*n - 4*p - 353 = 0. List the prime factors of n.
7, 17
Suppose s - 4 = -s. Suppose -s = -0*t + t - 4*l, l = -5*t + 11. Suppose -4*v + 3*a + 75 = -2*a, 39 = t*v - 3*a. What are the prime factors of v?
3, 5
Let i(g) = 7*g. Let v be i(1). Let z(s) = s**3 - 5*s**2 + 2*s - 19. List the prime factors of z(v).
3, 31
Let p(j) = 2 - 12 + 7 + 13*j. Let x be p(11). Suppose 4*h - x = -h. List the prime factors of h.
2, 7
What are the prime factors of 6/(-12) - (4 - 207/2)?
3, 11
Suppose n = 3*g + 1163 + 60, 4*n = -g + 4840. List the prime factors of n.
7, 173
Let v be ((-15)/(-5))/(2/36). Let x = -44 + 31. Let k = v + x. What are the prime factors of k?
41
Suppose -7 = -5*g + 13. Suppose -5*b = -4*d + 6, b + 0*b = -3*d - 5. Let t = g + b. List the prime factors of t.
2
Let b = 155 + 65. Suppose b = -5*w + 775. What are the prime factors of w?
3, 37
Let x be (8/(-10))/(22/55). Let i = x - -22. List the prime factors of i.
2, 5
Let c(a) = -13*a**3 - 10*a**2 - 10*a + 11. List the prime factors of c(-6).
11, 229
Let r = 193 + -44. What are the prime factors of r?
149
Let v = 81 + -75. Let i = v - -72. What are the prime factors of i?
2, 3, 13
Let r be 1*3 + 106 + (-22 - -14). Suppose 1174 = 4*k - 70. Suppose -5*u + k = r. What are the prime factors of u?
2, 3, 7
Let d be 1 - (-3 - (-2 + 2)). Suppose -i = o + 2 - 0, 2*i + d = -5*o. Suppose o = s - 3*n - 20, 0*n - 60 = -5*s - 5*n. List the prime factors of s.
2, 7
Let k = 47 - -24. Suppose 10*l = 669 + k. List the prime factors of l.
2, 37
Suppose 0 = -42*g + 34380 + 228. List the prime factors of g.
2, 103
Let r(a) = -32*a + 20. Let l be r(3). Let g = l - -102. List the prime factors of g.
2, 13
Suppose -3*v = -14*v + 55. Let k(z) = -z**2 + 10*z - 3. List the prime factors of k(v).
2, 11
Suppose 3*m - 1 + 16 = 0. Let y be (m/2)/(14/(-28)). Suppose -y*q = 3*r - 171, 2*r + 31 = -5*q + 145. List the prime factors of r.
3, 19
Suppose -16*l - 757 + 213 = 0. Let a(y) = -20*y. Let z be a(1). Let k = z - l. What are the prime factors of k?
2, 7
Let v(f) = -6*f + 17. Let a be v(-21). Suppose a + 87 = 5*b. What are the prime factors of b?
2, 23
Let s = -1089 + 1919. Let z = -479 + s. List the prime factors of z.
3, 13
Let w = 50 + -44. Suppose w*c = 124 + 236. What are the prime factors of c?
2, 3, 5
Let w(g) = -14*g + 44. Let m be w(3). Suppose m*k + 0 = 36. List the prime factors of k.
2, 3
Suppose -5*m + 5*v = -10*m + 130, -2*m + 5*v + 52 = 0. Let d = m - 3. List the prime factors of d.
23
Suppose 51*m + 3180 = 57*m. List the prime factors of m.
2, 5, 53
Suppose -13 = -3*x + l, -3*x + 6*x = -2*l + 1. Suppose 0 = -n - h + 56, 2*n + x*h - 7*h = 106. List the prime factors of n.
5, 11
Let i = 128 - 67. Let s = -22 + 25. Suppose 5*u + 116 = s*o, 3*u - 17 + i = o. What are the prime factors of o?
2
Let y = -8 + 20. Let p = y + 74. Let f = p - 56. List the prime factors of f.
2, 3, 5
Let o = 126 - -671. List the prime factors of o.
797
Let l = 20 + -9. Let x = -5 + l. Suppose 0 = -5*u + p + 71, 5*u - x*p - 55 = -p. What are the prime factors of u?
3, 5
Let t(f) = -f - 21. Let g be t(9). What are the prime factors of ((-5)/(-6) - 5/g) + 82?
83
Let x = -111 - -4. Let z = x - -194. What are the prime factors of z?
3, 29
Suppose 2*p - 2*z = 8, 3*p - 14 + 5 = 2*z. What are the prime factors of (-37)/((-15)/10 + p)?
2, 37
Suppose -5*i = -p + 5*p - 453, 5*p + 4*i = 573. Suppose 0 = -5*s + 2*s + p. List the prime factors of s.
3, 13
Suppose -18*a + 11396 = -4*a. What are the prime factors of a?
2, 11, 37
Let i = 285 + -22. What are the prime factors of i?
263
Suppose -6*n - 1499 = -7*n. List the prime factors of n.
1499
Suppose 0 = -15*y + 6559 - 349. List the prime factors of y.
2, 3, 23
What are the prime factors of 59*17*(26 + -25)?
17, 59
Let h be 544/1 - (-10)/10. Let q = h + -283. What are the prime factors of q?
2, 131
Let d(f) = f + 5. Let o be d(-14). Let l = o - -11. Suppose -l*h = -1 - 15. What are the prime factors of h?
2
Suppose -2*u = -4 - 0. Suppose 0 = 6*k - u*k - 12. Suppose -i = k*q - 4, 4*i + 3*q - 2*q = 49. List the prime factors of i.
13
Suppose -1339 + 85 = -2*o. What are the prime factors of o?
3, 11, 19
Let i(l) = 11*l - 11. Let s be i(7). Let u = 219 - s. What are the prime factors of u?
3, 17
Let l(z) be the second derivative of 5*z**3/2 + 4*z. Let y be l(5). Suppose -3*s = -c - 5 - 88, -3*s + y = 5*c. What are the prime factors of s?
2, 3, 5
Suppose t - 4*t + 5*q + 4417 = 0, -q - 2 = 0. What are the prime factors of t?
13, 113
Suppose 26*x + 12686 - 49788 = 0. What are the prime factors of x?
1427
Suppose 3*a + 5*j = 311, -3*a - 9*j + 310 = -5*j. Let n = 39 + -96. Let p = a + n. List the prime factors of p.
3, 5
Suppose 60 = 6*j - j. Suppose j*s - 9*s - 6 = 0. Suppose 0 = -7*a + s*a + 155. List the prime factors of a.
31
Let y be 544/(-18) + 6/27. Let f = y + 21. Let k = 77 + f. What are the prime factors of k?
2, 17
Let q = -21 + 21. Suppose -5*u + 20 = 5*m, -5*u = -5*m - q*m + 30. Suppose 2*z + 4*l - 64 = 0, m*z + 4*l - 30 = 130. List the prime factors of z.
2
Let u(m) = m**2 + 3*m - 5. Let w be u(2). List the prime factors of 224 + (-6 - (w - 7)).
2, 5, 11
Suppose 0 = 2*t - 196 - 2358. List the prime factors of t.
1277
Let p(b) = b**3 + 20*b**2 + 13*b + 28. List the prime factors of p(-8).
2, 173
Suppose -4*p = 3*h - 3508, 2*h - 877 = -4*p + 3*p. List the prime factors of p.
877
Suppose 5 = -3*y - 4, v - y = 598. Suppose -v = -4*b - 3*k, -5*b = -0*b - 5*k - 770. List the prime factors of b.
151
Let x = -31 - -52. Let j = 92 - x. List the prime factors of j.
71
Let i(d) = d**3 - 7*d**2 - 10*d + 9. Let h be i(8). Let f = h + -5. Let m = 18 + f. What are the prime factors of m?
2, 3
Let p be -1*6/(6/(-35)). Let c = -3 - -5. Suppose -c*y + p = 3*y. What are the prime factors of y?
7
Let w(d) = -d - 4. Let r be w(-4). Suppose 5*f - 104 - 96 = r. Suppose -f - 2 = -2*y. List the prime factors of y.
3, 7
List the prime factors of (919/1)/((-29)/(-58)).
2, 919
Let i(o) = o**2 + 4*o + 1. Let j = 11 - -3. Suppose 4*r = f - 11, -5*f - 21 - j = -2*r. List the prime factors of i(f).
2, 23
Suppose 221*w = 217*w + 52. What are the prime factors of w?
13
Let s = 213 + -65. Let i = s - 23. What are the prime factors of i?
5
Let g(b) = -24 + 5*b - 1 + b. List the prime factors of g(12).
47
Suppose -9 = -4*j - 1. Suppose -10 + 20 = j*z. What are the prime factors of z?
5
Let b(r) be the third derivative of r**6/120 - r**5/20 - r**4/6 + 2*r**3/3 - 7*r**2. Let o be b(3). Let a = 23 - o. What are the prime factors of a?
31
Let v(y) = 2*y**2 + 3*y - 3. Let q be v(-3). Let w(o) = -3*o + o + 2*o - q + 4*o. List the prime factors of w(10).
2, 17
Suppose 59 + 35 = -2*f. Let x = 65 + f. List the prime factors of x.
2, 3
Let d(b) = -b**3 + 5*b**2 - 4*b + 3. Let c be d(4). Suppose 8*n + 100 = 3*o + 3*n, -n + 4 = 0. Suppose -c*i + o = 2*i. List the prime factors of i.
2
What are the prime factors of ((-55)/20)/((-3)/396)?
3, 11
Let h(s) = 7*s**2 + 1. Let j be h(-1). List the prime factors of 8/(-32) + 18/j.
2
What are the prime factors of (12/18)/((-4)/(6 + -2574))?
2, 107
Let f(t) = 2*t**2 - 3*t - 2. Let u = 28 + -25. What are the prime factors of f(u)?
7
Let u(g) = 407*g**3 + 1. Let p be u(1). Suppose 0 = 2*m - 3*i - 188, 0*i + p = 4*m + 2*i. List the prime factors of m.
2, 5
Let s(j) = 128*j**3 + 3*j + 3. Let q be s(-1). Suppose -10*d + 91 = -11*d. Let m = d - q. What are the prime factors of m?
37
Let c(t) = -t. Let g be c(1). Let b = -177 + 184. Let o = b + g. List the prime factors of o.
2, 3
Suppose 5*v - 18783 + 1978 = 0. List the prime factors of v.
3361
Suppose -201 = -2*i + 255. Suppose p = -3*p + i. What are the prime factors of p?
3, 19
Suppose 3*b - 5027 = q, -3*q + 4*q + 1677 = b. List the prime factors of b.
5, 67
List the prime factors of 12/63*-3 + (-13260)/(-28).
11, 43
Suppose 2*p = 2*u + 608, -2*p - 3*u + 2*u = -611. Suppose 27*j + p = 28*j. List the prime factors of j.
5, 61
Suppose 0*m - 5*n - 34 = -m, 3*m = 2*n + 167. Suppose d - 166 - m = 0. Suppose -d = -4*q - q. List the prime factors of q.
3, 5
Let y be (-1)/(((-4)/444)/1). Suppose -y = -4*x + 3*i - 0*i